?
6
Suppose 2*x = -5*i + 246, x = -3*i + 58 + 64. What is the tens digit of (-359)/(-8) - -1 - (-16)/x?
4
Suppose -2*x + 1186 = -1896. What is the tens digit of x?
4
Let w be 2*(-2)/(4/(-3)). Suppose 5*a - w*a = 174. What is the tens digit of a?
8
Suppose 2*c = -2*c - 3*b + 496, 472 = 4*c - 3*b. Let h = c - -7. What is the tens digit of h?
2
Let j(u) = 9*u**2 - 13*u - 8. What is the hundreds digit of j(-10)?
0
Let q = -72 + 39. Let n = q - -35. Suppose -3*z - 3*b + 56 = -n*z, -100 = -2*z - 3*b. What is the units digit of z?
4
Suppose -w = -m - 1311, -3*w - 5*m + 567 + 3398 = 0. What is the hundreds digit of w?
3
Suppose -4431 = -63*w + 1113. What is the units digit of w?
8
Suppose -2*h + 3*y = -697, -3*h + 2*y - 1354 = -7*h. What is the units digit of h?
1
Let y(r) = 7*r + 17. Let n = 75 + -41. Suppose -3*m = -5*u + 46, -4*m - n = -4*u - 3*m. What is the units digit of y(u)?
3
Let o(k) = 2*k**2 + 9*k - 5. What is the units digit of o(12)?
1
Suppose -938 = -9*g + 3778. What is the tens digit of g?
2
Suppose -7*a = -766 - 627. Suppose -d - a = 5*w - 7*w, 4*d = 2*w - 184. What is the units digit of w?
2
Let j = 48 - -311. What is the tens digit of j?
5
Let r = 398 + 220. What is the tens digit of r?
1
Let i(g) = 1570*g - 1. What is the units digit of i(1)?
9
Suppose 26*x - 20*x - 594 = 0. Suppose x = 2*n - 15. What is the tens digit of n?
5
Let o(a) = 5*a - 9. Let p be o(3). Suppose -347 + 1583 = p*i. What is the tens digit of i?
0
Let p(k) = -3*k**2 - 8*k + 8. Let m(n) = -n**2 + n + 1. Let i(u) = -4*m(u) + p(u). Let o be i(12). Suppose 0 = t - o - 22. What is the tens digit of t?
2
Suppose -44 = -s + c, -c + 47 = -5*s + 271. Suppose 0 = 4*h - 8*h + 20. Suppose 10*x = h*x + s. What is the units digit of x?
9
Suppose -4*t = -3*q - t - 6, -t = 3*q - 2. Suppose -a + w = 2*a - 11, q = -2*a + 3*w + 12. Let b(z) = 2*z**2 + z + 7. What is the units digit of b(a)?
8
Let u = 43 + -40. Suppose -132 = -u*n + 3*h, -n + 85 = n - 3*h. What is the units digit of n?
7
Suppose -8*s + 8240 = 2*a - 11*s, -3*a + 4*s + 12358 = 0. What is the thousands digit of a?
4
Let q = 23 + -26. What is the units digit of ((-84)/(-7))/(q/(-4))?
6
Suppose 6*d - 172 = -148. Let n = 294 - d. What is the units digit of n?
0
Suppose 0 = -x - 152 + 624. What is the units digit of x?
2
Suppose 2*n + 4*a - 2*a = -6, -5*a = -25. Let o(h) = 7*h**2 + 17*h + 9. Let b(x) = -x**2 - x + 1. Let w(z) = 5*b(z) + o(z). What is the tens digit of w(n)?
4
Suppose -d = 2*d + a - 14, 4*d - 5*a = -13. Suppose 5*j = d*j + 134. What is the tens digit of j?
6
Suppose 602*u = 587*u + 39975. What is the thousands digit of u?
2
Suppose 28*f - 86*f = -26274. What is the units digit of f?
3
Let j = -11 - -14. Let b be (-4)/(-3)*j - 2. Suppose b*n - 70 = -0*n. What is the units digit of n?
5
Suppose -3*q = -95 - 106. Let w = -333 + 395. Suppose -3*l + q + w = 0. What is the units digit of l?
3
Let b be (-2)/(-1) - 2/(-2). Let v be 1 + b/(9/6). Suppose 5*a = -v*s + 102, -s + 86 = 5*a - 2*s. What is the units digit of a?
8
Let k = -2267 - -5090. What is the units digit of k?
3
Let x be ((-4)/16)/(6/(-72)). Suppose -x*y + 466 = -161. What is the units digit of y?
9
Let p(x) = 4*x - 3. Let d be p(2). Suppose 90 = d*c - 280. What is the units digit of c?
4
Let n(w) = -3*w**2 - 5*w - 3. Let j be n(-2). What is the hundreds digit of (j + 3)*(-258)/4?
1
Let h(n) be the third derivative of -11*n**4/24 - 5*n**3 - 8*n**2. What is the tens digit of h(-9)?
6
Let z be ((-114)/(-5))/((-22)/(-55)). Let c = 15 + z. What is the units digit of c?
2
Let x(f) = 33*f**2 - 2*f - 10. Let k be x(-3). Suppose -149 = -2*z + k. What is the units digit of z?
1
Let j be (-2 - (-2 + 4)) + -7. Let u(i) = -i**2 - 14*i - 19. What is the units digit of u(j)?
4
Let c(w) = -w - 8. Let m be c(-10). Suppose 2*k + 2 = 2*g + 3*g, -16 = -m*k - 4*g. Suppose 118 = 4*d + 3*y, 3*d - d = -k*y + 64. What is the units digit of d?
8
Suppose 6*l + 47 = 173. What is the tens digit of l?
2
Suppose 32 = -5*g + 217. Suppose g = 2*i - 21. What is the units digit of i?
9
Let b(k) = 2*k + 2060*k**2 - 2059*k**2 + 11 + 84. What is the units digit of b(0)?
5
What is the tens digit of (30213/3)/9 - 6*1?
1
Suppose 216*h = 223*h - 9100. What is the tens digit of h?
0
What is the units digit of 24/(-14)*(718/(-4) + 1)?
6
What is the tens digit of (3/6 - 0)/(1/542)?
7
Suppose 23 = -2*z + 15. Let p be 9/(-24)*2*z. Suppose p*v = 2*h - 45, 23 = -5*h + 3*v + 131. What is the tens digit of h?
2
Let x(n) = 76*n**2 - 17*n - 6. What is the tens digit of x(2)?
6
Suppose 3*w = -3*p - 226 + 4903, 5*p - w = 7795. What is the hundreds digit of p?
5
Let o = 402 - 261. What is the hundreds digit of o?
1
Suppose 27*u = 266 + 733. What is the tens digit of u?
3
Let g = 0 + -3. Let d be ((-1)/g)/((-5)/30). What is the units digit of d/(-13) - 252/(-52)?
5
Let r = 174 - 118. Suppose 0*u + 3*u + r = w, -5*w = 3*u - 316. What is the tens digit of w?
6
Suppose -17*c + 7*c + 3350 = 0. What is the hundreds digit of c?
3
Suppose 7*l - 5*l = 3*i + 517, 3*l + 2*i - 782 = 0. What is the hundreds digit of l?
2
Let x(b) = -52*b + 47. What is the units digit of x(-7)?
1
Suppose -n = 4*n + 5. Let k be (1 - 2)*(n + -2). Suppose h + h = -k*z + 32, -2*h = 4. What is the units digit of z?
2
Let q(d) = d**3 + 16*d**2 - 11*d + 26. What is the hundreds digit of q(-8)?
6
Let v(u) = 11*u**3 + u**2 - u + 1. Let l = -8 + 13. Suppose 2*s - 9 = k, -l*k + 2*s - 15 = -2*s. What is the units digit of v(k)?
2
Let l = -917 + 1850. What is the tens digit of l?
3
Let j = 11 + -8. Suppose 2*v = 4*v - 8, -4*v + 70 = -j*s. Let b = -7 - s. What is the tens digit of b?
1
Let x(m) = -m**3 + 16*m**2 - 15*m + 15. Let b be x(15). Suppose -3*w + 116 = 4*o - 52, 0 = 5*o + b. What is the units digit of w?
0
Let p = 78 - 141. Let d = -19 - p. What is the units digit of d?
4
Let b(l) = -l + 2. Let i = 14 - 12. Let a be b(i). Suppose a = -5*z + 14 + 46. What is the units digit of z?
2
Suppose 13*f = -12*f + 11975. What is the hundreds digit of f?
4
What is the thousands digit of 2/(-6) - (0 - (-18906)/(-18))?
1
Let i be (-2 - -9) + 5 + -2. Let s(u) = -u**3 + 10*u**2. Let k be s(i). Suppose -4*h + 44 = -k*h. What is the tens digit of h?
1
Suppose -i + 5*i - 28 = 0. Suppose 2*v - i*v = 105. What is the units digit of (v/9)/(1/(-9))?
1
Let p = 198 - 240. Let o(c) = 3*c - 6. Let s be o(5). What is the units digit of (-2 - 1)/(s/p)?
4
Let m be (-15)/(-4) - 1/(-4). Suppose 44 = m*h - 144. Suppose -4*o + 29 + h = 0. What is the units digit of o?
9
Suppose 0 = -5*v - 5*d + 472 + 1373, 0 = -4*v + d + 1456. What is the units digit of v?
5
Let h(p) = -3*p - 3*p**3 + 3*p**3 + 0 + p**3 + 1. Let k be h(2). What is the units digit of k*(3 + (0 - 2))?
3
Suppose 0 = -10*l - 2265 + 5325. What is the tens digit of l?
0
Let x(i) be the third derivative of i**4/24 + 5*i**3/3 - 13*i**2. Let q be x(-5). Suppose g - 4*g + 58 = 4*d, 0 = -3*g + q*d + 76. What is the units digit of g?
2
Let u(f) = f**3 - 26*f**2 + 24*f + 23. What is the hundreds digit of u(26)?
6
Let k be ((-4)/(-5) + -2)/((-6)/20). Suppose 0 = 2*m + 3*m + k*h - 474, -m + 86 = 3*h. What is the tens digit of m?
9
Let b(a) = -3*a - 7. Let t be b(-4). Suppose 246 = 2*n - 2*u, 3*n - u - 355 = -t*u. What is the tens digit of n?
2
Suppose -4*y - 5*d + 1432 = -d, 3*d - 364 = -y. What is the tens digit of y?
5
Let h be -4 + -5*(-12)/10. Suppose h*v - 4*m = -26 + 76, -2*v + 71 = 3*m. What is the units digit of v?
1
Let o = -63 + 58. What is the tens digit of -1 - (-1044)/(-1 - o)?
6
Suppose 3*f - u + 249 = 0, -5*f - u - 181 - 242 = 0. Let q = 48 + f. What is the units digit of (-441)/q + 6/8?
3
Let o(n) = -n**3 - 10*n**2 - 4*n + 2. Let b be o(-9). Let c be 4/(-5)*(-135)/(-9). Let x = c - b. What is the tens digit of x?
3
Let w = -15 - 0. What is the units digit of 8/(-20) + (-1671)/w + -3?
8
Let v(d) = d - 7. Let x(r) = -r**2 + r + 1. Let m(k) = v(k) - x(k). What is the hundreds digit of m(14)?
1
Let k(v) = 2*v**2 + 3*v - 1. Suppose 162 = -6*m + 36. Let u = m - -17. What is the tens digit of k(u)?
1
Let v(x) = 3*x**2 - 6*x + 16. Let t be v(5). Suppose t = 3*j - 182. What is the tens digit of j?
8
Let u = 0 + 10. Suppose -9*r - 141 = -u*r. What is the tens digit of r?
4
Suppose 0 = 6*v - 2*v - 8. Suppose -6 